{"id":498,"date":"2020-08-10T10:53:11","date_gmt":"2020-08-10T08:53:11","guid":{"rendered":"https:\/\/www.renzuscars.de\/?page_id=498"},"modified":"2020-08-10T10:53:12","modified_gmt":"2020-08-10T08:53:12","slug":"aktuelles-2-2","status":"publish","type":"page","link":"https:\/\/www.renzuscars.de\/index.php\/aktuelles-2-2\/","title":{"rendered":"Aktuelles"},"content":{"rendered":"\n<figure class=\"wp-block-image size-large is-resized\"><img loading=\"lazy\" decoding=\"async\" src=\"https:\/\/www.renzuscars.de\/wp-content\/uploads\/2020\/08\/IMG-1024x806.jpg\" alt=\"\" class=\"wp-image-499\" width=\"469\" height=\"369\"\/><\/figure>\n\n\n\n<p style=\"font-size:24px\"><strong>Der ultimative Corvette-Event! <\/strong><\/p>\n\n\n\n<p>Genau das Richtige f\u00fcr Alle die ihre Corvette gerne sportlich bewegen oder gefahrlos die Grenzen testen wollen. Der obligatorische Fahrerlehrgang zeigt die Ideallinie, sowie den richtigen Bremspunkt und sorgt damit f\u00fcr die Sicherheit auf dem Kurs. Erg\u00e4nzende Ausk\u00fcnfte gerne bei uns oder beim SCCI (Veranstalter) <\/p>\n\n\n\n<figure class=\"wp-block-image size-large\"><img loading=\"lazy\" decoding=\"async\" width=\"724\" height=\"1024\" src=\"http:\/\/www.renzuscars.de\/wp-content\/uploads\/2020\/04\/CEM-2020-Absage-1-pdf-724x1024.jpg\" alt=\"\" class=\"wp-image-484\"\/><\/figure>\n\n\n<h3>Unser Mann f\u00fcr die &#8222;Fuelies&#8220;<\/h3>\n<p>Kfz-Meister Benny Scholder bringt auch die widerspenstigste Corvette wieder zum Laufen<\/p>\n<p><a href=\"http:\/\/www.renzuscars.de\/wp-content\/uploads\/2018\/08\/P1090605.jpg\"><img loading=\"lazy\" decoding=\"async\" class=\"alignnone size-thumbnail wp-image-433\" src=\"http:\/\/www.renzuscars.de\/wp-content\/uploads\/2018\/08\/P1090605-150x150.jpg\" alt=\"\" width=\"150\" height=\"150\"><\/a> <a href=\"http:\/\/www.renzuscars.de\/wp-content\/uploads\/2018\/08\/P1090586.jpg\"><img loading=\"lazy\" decoding=\"async\" class=\"alignnone size-thumbnail wp-image-431\" src=\"http:\/\/www.renzuscars.de\/wp-content\/uploads\/2018\/08\/P1090586-150x150.jpg\" alt=\"\" width=\"150\" height=\"150\"><\/a> <a href=\"http:\/\/www.renzuscars.de\/wp-content\/uploads\/2018\/08\/P1090595.jpg\"><img loading=\"lazy\" decoding=\"async\" class=\"alignnone size-thumbnail wp-image-430\" src=\"http:\/\/www.renzuscars.de\/wp-content\/uploads\/2018\/08\/P1090595-150x150.jpg\" alt=\"\" width=\"150\" height=\"150\"><\/a><\/p>\n<h3>&nbsp;<\/h3>\n<h3>Die C1 Connection bei RENZ US CARS<\/h3>\n<p>Das gibt es auch bei uns nur selten, da\u00df wir 5 Corvette C1 verschiedener Baujahre auf einmal in der Werkstatt haben. Drei Sch\u00f6nheiten waren zum Fotoshooting bereit<\/p>\n<p><a href=\"http:\/\/www.renzuscars.de\/wp-content\/uploads\/2018\/08\/P1090619.jpg\"><img loading=\"lazy\" decoding=\"async\" class=\"alignnone size-thumbnail wp-image-427\" src=\"http:\/\/www.renzuscars.de\/wp-content\/uploads\/2018\/08\/P1090619-150x150.jpg\" alt=\"\" width=\"150\" height=\"150\"><\/a> <a href=\"http:\/\/www.renzuscars.de\/wp-content\/uploads\/2018\/08\/P1090614.jpg\"><img loading=\"lazy\" decoding=\"async\" class=\"alignnone size-thumbnail wp-image-428\" src=\"http:\/\/www.renzuscars.de\/wp-content\/uploads\/2018\/08\/P1090614-150x150.jpg\" alt=\"\" width=\"150\" height=\"150\"><\/a> <a href=\"http:\/\/www.renzuscars.de\/wp-content\/uploads\/2018\/08\/P1090623.jpg\"><img loading=\"lazy\" decoding=\"async\" class=\"alignnone size-thumbnail wp-image-426\" src=\"http:\/\/www.renzuscars.de\/wp-content\/uploads\/2018\/08\/P1090623-150x150.jpg\" alt=\"\" width=\"150\" height=\"150\"><\/a> <a href=\"http:\/\/www.renzuscars.de\/wp-content\/uploads\/2018\/08\/P1090625.jpg\"><img loading=\"lazy\" decoding=\"async\" class=\"alignnone size-thumbnail wp-image-425\" src=\"http:\/\/www.renzuscars.de\/wp-content\/uploads\/2018\/08\/P1090625-150x150.jpg\" alt=\"\" width=\"150\" height=\"150\"><\/a> <a href=\"http:\/\/www.renzuscars.de\/wp-content\/uploads\/2018\/08\/P1090632.jpg\"><img loading=\"lazy\" decoding=\"async\" class=\"alignnone size-thumbnail wp-image-424\" src=\"http:\/\/www.renzuscars.de\/wp-content\/uploads\/2018\/08\/P1090632-150x150.jpg\" alt=\"\" width=\"150\" height=\"150\"><\/a><\/p>\n<h3>&nbsp;<\/h3>\n<h3>Herzliche Weihnachtsgr\u00fc\u00dfe<\/h3>\n<h3><a href=\"https:\/\/www.renzuscars.de\/wp-content\/uploads\/2017\/12\/Text.jpg\"><img loading=\"lazy\" decoding=\"async\" class=\"alignnone wp-image-388 size-full\" src=\"https:\/\/www.renzuscars.de\/wp-content\/uploads\/2017\/12\/Text.jpg\" alt=\"\" width=\"1240\" height=\"1754\" srcset=\"https:\/\/www.renzuscars.de\/wp-content\/uploads\/2017\/12\/Text.jpg 1240w, https:\/\/www.renzuscars.de\/wp-content\/uploads\/2017\/12\/Text-212x300.jpg 212w, https:\/\/www.renzuscars.de\/wp-content\/uploads\/2017\/12\/Text-768x1086.jpg 768w, https:\/\/www.renzuscars.de\/wp-content\/uploads\/2017\/12\/Text-724x1024.jpg 724w, https:\/\/www.renzuscars.de\/wp-content\/uploads\/2017\/12\/Text-106x150.jpg 106w\" sizes=\"auto, (max-width: 1240px) 100vw, 1240px\" \/><\/a><\/h3>\n<h3><strong>It&#8217;s Engine Time<\/strong><\/h3>\n<p style=\"text-align: left;\">28 Liter Hubraum verteilt auf 4 Motoren \ud83d\ude42<\/p>\n<p style=\"text-align: left;\">1 x 383 CuInch, 2 x 454 CuInc, 1 x 427 CuInch Big Block Motorrevisionen<\/p>\n<p><strong><a href=\"https:\/\/www.renzuscars.de\/wp-content\/uploads\/2017\/03\/P1070871.jpg\"><img loading=\"lazy\" decoding=\"async\" class=\"alignnone wp-image-343 size-medium alignleft\" src=\"https:\/\/www.renzuscars.de\/wp-content\/uploads\/2017\/03\/P1070871-300x169.jpg\" alt=\"\" width=\"300\" height=\"169\" srcset=\"https:\/\/www.renzuscars.de\/wp-content\/uploads\/2017\/03\/P1070871-300x169.jpg 300w, https:\/\/www.renzuscars.de\/wp-content\/uploads\/2017\/03\/P1070871-768x432.jpg 768w, https:\/\/www.renzuscars.de\/wp-content\/uploads\/2017\/03\/P1070871-1024x576.jpg 1024w, https:\/\/www.renzuscars.de\/wp-content\/uploads\/2017\/03\/P1070871-250x141.jpg 250w, https:\/\/www.renzuscars.de\/wp-content\/uploads\/2017\/03\/P1070871-150x84.jpg 150w\" sizes=\"auto, (max-width: 300px) 100vw, 300px\" \/><\/a> <a href=\"https:\/\/www.renzuscars.de\/wp-content\/uploads\/2017\/03\/P1070887.jpg\"><img loading=\"lazy\" decoding=\"async\" class=\"alignnone wp-image-342 size-medium\" src=\"https:\/\/www.renzuscars.de\/wp-content\/uploads\/2017\/03\/P1070887-300x169.jpg\" alt=\"\" width=\"300\" height=\"169\" srcset=\"https:\/\/www.renzuscars.de\/wp-content\/uploads\/2017\/03\/P1070887-300x169.jpg 300w, https:\/\/www.renzuscars.de\/wp-content\/uploads\/2017\/03\/P1070887-768x432.jpg 768w, https:\/\/www.renzuscars.de\/wp-content\/uploads\/2017\/03\/P1070887-1024x576.jpg 1024w, https:\/\/www.renzuscars.de\/wp-content\/uploads\/2017\/03\/P1070887-250x141.jpg 250w, https:\/\/www.renzuscars.de\/wp-content\/uploads\/2017\/03\/P1070887-150x84.jpg 150w\" sizes=\"auto, (max-width: 300px) 100vw, 300px\" \/><\/a><\/strong><\/p>\n<p><strong>&nbsp;<\/strong><\/p>\n<p><strong>ANGEBOT &#8211; Massgeschneidert f\u00fcr die Corvette<\/strong><\/p>\n<p>Car Cover f\u00fcr C6, C6 Z06 und C7 mit Emblem und Schriftzug vorr\u00e4tig&nbsp;&nbsp;&nbsp;&nbsp;<strong><br><\/strong><\/p>\n<p>Erstklassige Passform in 3-Schicht-Premiumqualit\u00e4t * Atmungsaktiv *<\/p>\n<p><strong>Angebotspreis EUR 199,00&nbsp;<\/strong><\/p>\n<p style=\"text-align: justify;\">Auch erh\u00e4ltlich f\u00fcr C1 &#8211; C5<\/p>\n<p>&nbsp;&nbsp; <img loading=\"lazy\" decoding=\"async\" class=\"alignnone wp-image-299\" src=\"https:\/\/www.renzuscars.de\/wp-content\/uploads\/2016\/05\/P1070270.1-300x224.jpg\" alt=\"p1070270-1\" width=\"267\" height=\"200\" srcset=\"https:\/\/www.renzuscars.de\/wp-content\/uploads\/2016\/05\/P1070270.1-300x224.jpg 300w, https:\/\/www.renzuscars.de\/wp-content\/uploads\/2016\/05\/P1070270.1-768x573.jpg 768w, https:\/\/www.renzuscars.de\/wp-content\/uploads\/2016\/05\/P1070270.1-1024x764.jpg 1024w, https:\/\/www.renzuscars.de\/wp-content\/uploads\/2016\/05\/P1070270.1-201x150.jpg 201w, https:\/\/www.renzuscars.de\/wp-content\/uploads\/2016\/05\/P1070270.1-150x112.jpg 150w\" sizes=\"auto, (max-width: 267px) 100vw, 267px\" \/><img loading=\"lazy\" decoding=\"async\" class=\" wp-image-296 alignleft\" src=\"https:\/\/www.renzuscars.de\/wp-content\/uploads\/2016\/05\/P1070274-300x163.jpg\" alt=\"p1070274\" width=\"359\" height=\"195\" srcset=\"https:\/\/www.renzuscars.de\/wp-content\/uploads\/2016\/05\/P1070274-300x163.jpg 300w, https:\/\/www.renzuscars.de\/wp-content\/uploads\/2016\/05\/P1070274-768x416.jpg 768w, https:\/\/www.renzuscars.de\/wp-content\/uploads\/2016\/05\/P1070274-1024x555.jpg 1024w, https:\/\/www.renzuscars.de\/wp-content\/uploads\/2016\/05\/P1070274-250x135.jpg 250w, https:\/\/www.renzuscars.de\/wp-content\/uploads\/2016\/05\/P1070274-150x81.jpg 150w\" sizes=\"auto, (max-width: 359px) 100vw, 359px\" \/><\/p>\n<p><img loading=\"lazy\" decoding=\"async\" class=\" wp-image-298 alignleft\" src=\"https:\/\/www.renzuscars.de\/wp-content\/uploads\/2016\/05\/P1070272-300x169.jpg\" alt=\"p1070272\" width=\"321\" height=\"181\" srcset=\"https:\/\/www.renzuscars.de\/wp-content\/uploads\/2016\/05\/P1070272-300x169.jpg 300w, https:\/\/www.renzuscars.de\/wp-content\/uploads\/2016\/05\/P1070272-768x432.jpg 768w, https:\/\/www.renzuscars.de\/wp-content\/uploads\/2016\/05\/P1070272-1024x576.jpg 1024w, https:\/\/www.renzuscars.de\/wp-content\/uploads\/2016\/05\/P1070272-250x141.jpg 250w, https:\/\/www.renzuscars.de\/wp-content\/uploads\/2016\/05\/P1070272-150x84.jpg 150w\" sizes=\"auto, (max-width: 321px) 100vw, 321px\" \/> <img loading=\"lazy\" decoding=\"async\" class=\"alignnone wp-image-297\" src=\"https:\/\/www.renzuscars.de\/wp-content\/uploads\/2016\/05\/P1070271-300x169.jpg\" alt=\"p1070271\" width=\"329\" height=\"185\" srcset=\"https:\/\/www.renzuscars.de\/wp-content\/uploads\/2016\/05\/P1070271-300x169.jpg 300w, https:\/\/www.renzuscars.de\/wp-content\/uploads\/2016\/05\/P1070271-768x432.jpg 768w, https:\/\/www.renzuscars.de\/wp-content\/uploads\/2016\/05\/P1070271-1024x576.jpg 1024w, https:\/\/www.renzuscars.de\/wp-content\/uploads\/2016\/05\/P1070271-250x141.jpg 250w, https:\/\/www.renzuscars.de\/wp-content\/uploads\/2016\/05\/P1070271-150x84.jpg 150w\" sizes=\"auto, (max-width: 329px) 100vw, 329px\" \/><\/p>\n<p><\/p>\n<p><strong>6. Stuttgarter Corvettetreffen in der Motorworld B\u00f6blingen<\/strong><\/p>\n<p>Am Sonntag, 11.09.16 findet ab 9.30 Uhr schon zum 6. Mal in der Motorworld B\u00f6blingen das Stuttgarter Corvettetreffen statt. Wie immer sind wir mit einem Stand und sch\u00f6nen Autos vor Ort.<\/p>\n<p>Kommen Sie vorbei, wir freuen uns und halten eine kleine Erfrischung bereit. Das Wetter soll gut werden!<\/p>\n<p><img loading=\"lazy\" decoding=\"async\" class=\"wp-image-285 size-full aligncenter\" src=\"https:\/\/www.renzuscars.de\/wp-content\/uploads\/2016\/05\/IMG_2941.jpg\" alt=\"IMG_2941\" width=\"3278\" height=\"3282\" srcset=\"https:\/\/www.renzuscars.de\/wp-content\/uploads\/2016\/05\/IMG_2941.jpg 3278w, https:\/\/www.renzuscars.de\/wp-content\/uploads\/2016\/05\/IMG_2941-150x150.jpg 150w, https:\/\/www.renzuscars.de\/wp-content\/uploads\/2016\/05\/IMG_2941-300x300.jpg 300w, https:\/\/www.renzuscars.de\/wp-content\/uploads\/2016\/05\/IMG_2941-768x769.jpg 768w, https:\/\/www.renzuscars.de\/wp-content\/uploads\/2016\/05\/IMG_2941-1024x1024.jpg 1024w\" sizes=\"auto, (max-width: 3278px) 100vw, 3278px\" \/><\/p>\n<p><img loading=\"lazy\" decoding=\"async\" class=\"aligncenter wp-image-286 size-full\" src=\"https:\/\/www.renzuscars.de\/wp-content\/uploads\/2016\/05\/IMG_2939.jpg\" alt=\"IMG_2939\" width=\"5184\" height=\"3456\" srcset=\"https:\/\/www.renzuscars.de\/wp-content\/uploads\/2016\/05\/IMG_2939.jpg 5184w, https:\/\/www.renzuscars.de\/wp-content\/uploads\/2016\/05\/IMG_2939-300x200.jpg 300w, https:\/\/www.renzuscars.de\/wp-content\/uploads\/2016\/05\/IMG_2939-768x512.jpg 768w, https:\/\/www.renzuscars.de\/wp-content\/uploads\/2016\/05\/IMG_2939-1024x683.jpg 1024w, https:\/\/www.renzuscars.de\/wp-content\/uploads\/2016\/05\/IMG_2939-225x150.jpg 225w, https:\/\/www.renzuscars.de\/wp-content\/uploads\/2016\/05\/IMG_2939-150x100.jpg 150w\" sizes=\"auto, (max-width: 5184px) 100vw, 5184px\" \/><img loading=\"lazy\" decoding=\"async\" class=\"aligncenter wp-image-287 size-full\" src=\"https:\/\/www.renzuscars.de\/wp-content\/uploads\/2016\/05\/IMG_2985.jpg\" alt=\"IMG_2985\" width=\"5184\" height=\"3456\" srcset=\"https:\/\/www.renzuscars.de\/wp-content\/uploads\/2016\/05\/IMG_2985.jpg 5184w, https:\/\/www.renzuscars.de\/wp-content\/uploads\/2016\/05\/IMG_2985-300x200.jpg 300w, https:\/\/www.renzuscars.de\/wp-content\/uploads\/2016\/05\/IMG_2985-768x512.jpg 768w, https:\/\/www.renzuscars.de\/wp-content\/uploads\/2016\/05\/IMG_2985-1024x683.jpg 1024w, https:\/\/www.renzuscars.de\/wp-content\/uploads\/2016\/05\/IMG_2985-225x150.jpg 225w, https:\/\/www.renzuscars.de\/wp-content\/uploads\/2016\/05\/IMG_2985-150x100.jpg 150w\" sizes=\"auto, (max-width: 5184px) 100vw, 5184px\" \/><\/p>\n<p><\/p>\n<p>Spring Opening 2014 Trailer<\/p>\n<div style=\"width: 900px;\" class=\"wp-video\"><video class=\"wp-video-shortcode\" id=\"video-498-1\" width=\"900\" height=\"506\" preload=\"metadata\" controls=\"controls\"><source type=\"video\/mp4\" src=\"https:\/\/www.renzuscars.de\/wp-content\/uploads\/2016\/05\/Spring-Open-2014-Trailer.mp4?_=1\" \/><a href=\"https:\/\/www.renzuscars.de\/wp-content\/uploads\/2016\/05\/Spring-Open-2014-Trailer.mp4\">https:\/\/www.renzuscars.de\/wp-content\/uploads\/2016\/05\/Spring-Open-2014-Trailer.mp4<\/a><\/video><\/div>","protected":false},"excerpt":{"rendered":"<p>Der ultimative Corvette-Event! Genau das Richtige f\u00fcr Alle die ihre Corvette gerne sportlich bewegen oder gefahrlos die Grenzen testen wollen. Der obligatorische Fahrerlehrgang zeigt die Ideallinie, sowie den richtigen Bremspunkt und sorgt damit f\u00fcr die Sicherheit auf dem Kurs. Erg\u00e4nzende Ausk\u00fcnfte gerne bei uns oder beim SCCI (Veranstalter) Unser Mann\u2026<\/p>\n<p> <a class=\"continue-reading-link\" href=\"https:\/\/www.renzuscars.de\/index.php\/aktuelles-2-2\/\"><span>Continue reading<\/span><i class=\"crycon-right-dir\"><\/i><\/a> <\/p>\n","protected":false},"author":3,"featured_media":0,"parent":0,"menu_order":0,"comment_status":"closed","ping_status":"closed","template":"","meta":{"footnotes":""},"class_list":["post-498","page","type-page","status-publish","hentry"],"_links":{"self":[{"href":"https:\/\/www.renzuscars.de\/index.php\/wp-json\/wp\/v2\/pages\/498","targetHints":{"allow":["GET"]}}],"collection":[{"href":"https:\/\/www.renzuscars.de\/index.php\/wp-json\/wp\/v2\/pages"}],"about":[{"href":"https:\/\/www.renzuscars.de\/index.php\/wp-json\/wp\/v2\/types\/page"}],"author":[{"embeddable":true,"href":"https:\/\/www.renzuscars.de\/index.php\/wp-json\/wp\/v2\/users\/3"}],"replies":[{"embeddable":true,"href":"https:\/\/www.renzuscars.de\/index.php\/wp-json\/wp\/v2\/comments?post=498"}],"version-history":[{"count":1,"href":"https:\/\/www.renzuscars.de\/index.php\/wp-json\/wp\/v2\/pages\/498\/revisions"}],"predecessor-version":[{"id":500,"href":"https:\/\/www.renzuscars.de\/index.php\/wp-json\/wp\/v2\/pages\/498\/revisions\/500"}],"wp:attachment":[{"href":"https:\/\/www.renzuscars.de\/index.php\/wp-json\/wp\/v2\/media?parent=498"}],"curies":[{"name":"wp","href":"https:\/\/api.w.org\/{rel}","templated":true}]}}