{"id":16,"date":"2016-05-10T12:31:31","date_gmt":"2016-05-10T10:31:31","guid":{"rendered":"http:\/\/wordpress.renzuscars.de\/?page_id=16"},"modified":"2026-03-22T16:53:25","modified_gmt":"2026-03-22T15:53:25","slug":"ueber-uns","status":"publish","type":"page","link":"https:\/\/www.renzuscars.de\/index.php\/ueber-uns\/","title":{"rendered":"\u00dcber uns"},"content":{"rendered":"\n<p><strong>RENZ US CARS e.K.- von der Begeisterung zur Passion<\/strong><\/p>\n\n\n\n<p>1985 wurde die Firma von Walter Renz gegr\u00fcndet.<\/p>\n\n\n\n<p>Seit Januar 2021 wird der Betrieb von <strong>Herrn Nikolas Keber<\/strong> weitergef\u00fchrt.<\/p>\n\n\n\n<p>Als gelernter Kfz-Meister machte er sein Hobby zum Beruf und wagte den Sprung in die Selbstst\u00e4ndigkeit. Bereits seit Kindheitstagen sind US-Cars und speziell die Corvette seine Welt.<\/p>\n\n\n\n<figure class=\"wp-block-image size-large is-resized\"><img loading=\"lazy\" decoding=\"async\" width=\"1024\" height=\"768\" src=\"https:\/\/www.renzuscars.de\/wp-content\/uploads\/2026\/03\/WhatsApp-Image-2026-03-19-at-16.58.28-1024x768.jpeg\" alt=\"\" class=\"wp-image-819\" style=\"width:516px;height:auto\" srcset=\"https:\/\/www.renzuscars.de\/wp-content\/uploads\/2026\/03\/WhatsApp-Image-2026-03-19-at-16.58.28-1024x768.jpeg 1024w, https:\/\/www.renzuscars.de\/wp-content\/uploads\/2026\/03\/WhatsApp-Image-2026-03-19-at-16.58.28-300x225.jpeg 300w, https:\/\/www.renzuscars.de\/wp-content\/uploads\/2026\/03\/WhatsApp-Image-2026-03-19-at-16.58.28-768x576.jpeg 768w, https:\/\/www.renzuscars.de\/wp-content\/uploads\/2026\/03\/WhatsApp-Image-2026-03-19-at-16.58.28-1536x1152.jpeg 1536w, https:\/\/www.renzuscars.de\/wp-content\/uploads\/2026\/03\/WhatsApp-Image-2026-03-19-at-16.58.28-2048x1536.jpeg 2048w, https:\/\/www.renzuscars.de\/wp-content\/uploads\/2026\/03\/WhatsApp-Image-2026-03-19-at-16.58.28-150x113.jpeg 150w\" sizes=\"auto, (max-width: 1024px) 100vw, 1024px\" \/><\/figure>\n\n\n\n<p>Mit einem Team langj\u00e4hriger Mitarbeiter bietet er komplette Betreuung f\u00fcr die Marken der General Motors Palette \u2013 vom \u00d6lwechsel, \u00fcber Reparaturen jeglicher Art bis hin zu Unfallinstandsetzungen und Restauration klassischer Fahrzeuge. Die fachliche und technische Kompetenz des Teams, die faire Beratung und den freundlichen, pers\u00f6nlichen Service sch\u00e4tzen zufriedene Kunden in ganz Deutschland und im benachbarten Ausland.<\/p>\n\n\n\n<p>Unsere Philosophie<\/p>\n\n\n\n<p>\u2022 Fairness<\/p>\n\n\n\n<p>\u2022 Verst\u00e4ndnis<\/p>\n\n\n\n<p>\u2022 Hilfsbereitschaft<\/p>\n\n\n\n<p>\u2022 Qualit\u00e4t<\/p>\n\n\n\n<figure class=\"wp-block-image size-full\"><img loading=\"lazy\" decoding=\"async\" width=\"2560\" height=\"1376\" src=\"https:\/\/www.renzuscars.de\/wp-content\/uploads\/2026\/03\/WhatsApp-Image-2026-03-22-at-16.50.08-1-scaled.jpeg\" alt=\"\" class=\"wp-image-858\" srcset=\"https:\/\/www.renzuscars.de\/wp-content\/uploads\/2026\/03\/WhatsApp-Image-2026-03-22-at-16.50.08-1-scaled.jpeg 2560w, https:\/\/www.renzuscars.de\/wp-content\/uploads\/2026\/03\/WhatsApp-Image-2026-03-22-at-16.50.08-1-300x161.jpeg 300w, https:\/\/www.renzuscars.de\/wp-content\/uploads\/2026\/03\/WhatsApp-Image-2026-03-22-at-16.50.08-1-1024x550.jpeg 1024w, https:\/\/www.renzuscars.de\/wp-content\/uploads\/2026\/03\/WhatsApp-Image-2026-03-22-at-16.50.08-1-768x413.jpeg 768w, https:\/\/www.renzuscars.de\/wp-content\/uploads\/2026\/03\/WhatsApp-Image-2026-03-22-at-16.50.08-1-1536x826.jpeg 1536w, https:\/\/www.renzuscars.de\/wp-content\/uploads\/2026\/03\/WhatsApp-Image-2026-03-22-at-16.50.08-1-2048x1101.jpeg 2048w, https:\/\/www.renzuscars.de\/wp-content\/uploads\/2026\/03\/WhatsApp-Image-2026-03-22-at-16.50.08-1-150x81.jpeg 150w\" sizes=\"auto, (max-width: 2560px) 100vw, 2560px\" \/><\/figure>\n\n\n\n<p><\/p>\n","protected":false},"excerpt":{"rendered":"<p>RENZ US CARS e.K.- von der Begeisterung zur Passion 1985 wurde die Firma von Walter Renz gegr\u00fcndet. Seit Januar 2021 wird der Betrieb von Herrn Nikolas Keber weitergef\u00fchrt. Als gelernter Kfz-Meister machte er sein Hobby zum Beruf und wagte den Sprung in die Selbstst\u00e4ndigkeit. Bereits seit Kindheitstagen sind US-Cars und\u2026<\/p>\n<p> <a class=\"continue-reading-link\" href=\"https:\/\/www.renzuscars.de\/index.php\/ueber-uns\/\"><span>Continue reading<\/span><i class=\"crycon-right-dir\"><\/i><\/a> <\/p>\n","protected":false},"author":1,"featured_media":0,"parent":0,"menu_order":0,"comment_status":"closed","ping_status":"closed","template":"","meta":{"footnotes":""},"class_list":["post-16","page","type-page","status-publish","hentry"],"_links":{"self":[{"href":"https:\/\/www.renzuscars.de\/index.php\/wp-json\/wp\/v2\/pages\/16","targetHints":{"allow":["GET"]}}],"collection":[{"href":"https:\/\/www.renzuscars.de\/index.php\/wp-json\/wp\/v2\/pages"}],"about":[{"href":"https:\/\/www.renzuscars.de\/index.php\/wp-json\/wp\/v2\/types\/page"}],"author":[{"embeddable":true,"href":"https:\/\/www.renzuscars.de\/index.php\/wp-json\/wp\/v2\/users\/1"}],"replies":[{"embeddable":true,"href":"https:\/\/www.renzuscars.de\/index.php\/wp-json\/wp\/v2\/comments?post=16"}],"version-history":[{"count":35,"href":"https:\/\/www.renzuscars.de\/index.php\/wp-json\/wp\/v2\/pages\/16\/revisions"}],"predecessor-version":[{"id":859,"href":"https:\/\/www.renzuscars.de\/index.php\/wp-json\/wp\/v2\/pages\/16\/revisions\/859"}],"wp:attachment":[{"href":"https:\/\/www.renzuscars.de\/index.php\/wp-json\/wp\/v2\/media?parent=16"}],"curies":[{"name":"wp","href":"https:\/\/api.w.org\/{rel}","templated":true}]}}